[INFO] cloning repository https://github.com/ava-global/avantis-data-access-connector
[INFO] running `Command { std: "git" "-c" "credential.helper=" "-c" "credential.helper=/workspace/cargo-home/bin/git-credential-null" "clone" "--bare" "https://github.com/ava-global/avantis-data-access-connector" "/workspace/cache/git-repos/https%3A%2F%2Fgithub.com%2Fava-global%2Favantis-data-access-connector", kill_on_drop: false }`
[INFO] [stderr] Cloning into bare repository '/workspace/cache/git-repos/https%3A%2F%2Fgithub.com%2Fava-global%2Favantis-data-access-connector'...
[INFO] running `Command { std: "git" "rev-parse" "HEAD", kill_on_drop: false }`
[INFO] [stdout] b7f30abcc55825211a97c768e230d40ba37674e2
[INFO] checking ava-global/avantis-data-access-connector against master#e6e4f7ed1589e03bc2f6c5931c1a72e7947e8682 for beta-170-4
[INFO] running `Command { std: "git" "clone" "/workspace/cache/git-repos/https%3A%2F%2Fgithub.com%2Fava-global%2Favantis-data-access-connector" "/workspace/builds/worker-0-tc2/source", kill_on_drop: false }`
[INFO] [stderr] Cloning into '/workspace/builds/worker-0-tc2/source'...
[INFO] [stderr] done.
[INFO] validating manifest of git repo https://github.com/ava-global/avantis-data-access-connector on toolchain e6e4f7ed1589e03bc2f6c5931c1a72e7947e8682
[INFO] running `Command { std: CARGO_HOME="/workspace/cargo-home" RUSTUP_HOME="/workspace/rustup-home" "/workspace/cargo-home/bin/cargo" "+e6e4f7ed1589e03bc2f6c5931c1a72e7947e8682" "metadata" "--manifest-path" "Cargo.toml" "--no-deps", kill_on_drop: false }`
[INFO] started tweaking git repo https://github.com/ava-global/avantis-data-access-connector
[INFO] finished tweaking git repo https://github.com/ava-global/avantis-data-access-connector
[INFO] tweaked toml for git repo https://github.com/ava-global/avantis-data-access-connector written to /workspace/builds/worker-0-tc2/source/Cargo.toml
[INFO] crate git repo https://github.com/ava-global/avantis-data-access-connector already has a lockfile, it will not be regenerated
[INFO] running `Command { std: CARGO_HOME="/workspace/cargo-home" RUSTUP_HOME="/workspace/rustup-home" "/workspace/cargo-home/bin/cargo" "+e6e4f7ed1589e03bc2f6c5931c1a72e7947e8682" "fetch" "--manifest-path" "Cargo.toml", kill_on_drop: false }`
[INFO] running `Command { std: "docker" "create" "-v" "/var/lib/crater-agent-workspace/builds/worker-0-tc2/target:/opt/rustwide/target:rw,Z" "-v" "/var/lib/crater-agent-workspace/builds/worker-0-tc2/source:/opt/rustwide/workdir:ro,Z" "-v" "/var/lib/crater-agent-workspace/cargo-home:/opt/rustwide/cargo-home:ro,Z" "-v" "/var/lib/crater-agent-workspace/rustup-home:/opt/rustwide/rustup-home:ro,Z" "-e" "SOURCE_DIR=/opt/rustwide/workdir" "-e" "CARGO_TARGET_DIR=/opt/rustwide/target" "-e" "CARGO_HOME=/opt/rustwide/cargo-home" "-e" "RUSTUP_HOME=/opt/rustwide/rustup-home" "-w" "/opt/rustwide/workdir" "-m" "1610612736" "--user" "0:0" "--network" "none" "ghcr.io/rust-lang/crates-build-env/linux@sha256:19e73879b68f455e41552ea35293514db52ea292d993f571636dbffedb77a1ee" "/opt/rustwide/cargo-home/bin/cargo" "+e6e4f7ed1589e03bc2f6c5931c1a72e7947e8682" "metadata" "--no-deps" "--format-version=1", kill_on_drop: false }`
[INFO] [stdout] a0267a377fe388e3df74a1030cf317349163fd0dd61ecb6fe81452152f59c9d8
[INFO] running `Command { std: "docker" "start" "-a" "a0267a377fe388e3df74a1030cf317349163fd0dd61ecb6fe81452152f59c9d8", kill_on_drop: false }`
[INFO] running `Command { std: "docker" "inspect" "a0267a377fe388e3df74a1030cf317349163fd0dd61ecb6fe81452152f59c9d8", kill_on_drop: false }`
[INFO] running `Command { std: "docker" "rm" "-f" "a0267a377fe388e3df74a1030cf317349163fd0dd61ecb6fe81452152f59c9d8", kill_on_drop: false }`
[INFO] [stdout] a0267a377fe388e3df74a1030cf317349163fd0dd61ecb6fe81452152f59c9d8
[INFO] running `Command { std: "docker" "create" "-v" "/var/lib/crater-agent-workspace/builds/worker-0-tc2/target:/opt/rustwide/target:rw,Z" "-v" "/var/lib/crater-agent-workspace/builds/worker-0-tc2/source:/opt/rustwide/workdir:ro,Z" "-v" "/var/lib/crater-agent-workspace/cargo-home:/opt/rustwide/cargo-home:ro,Z" "-v" "/var/lib/crater-agent-workspace/rustup-home:/opt/rustwide/rustup-home:ro,Z" "-e" "SOURCE_DIR=/opt/rustwide/workdir" "-e" "CARGO_TARGET_DIR=/opt/rustwide/target" "-e" "CARGO_INCREMENTAL=0" "-e" "RUST_BACKTRACE=full" "-e" "RUSTFLAGS=--cap-lints=forbid" "-e" "RUSTDOCFLAGS=--cap-lints=forbid" "-e" "CARGO_HOME=/opt/rustwide/cargo-home" "-e" "RUSTUP_HOME=/opt/rustwide/rustup-home" "-w" "/opt/rustwide/workdir" "-m" "1610612736" "--user" "0:0" "--network" "none" "ghcr.io/rust-lang/crates-build-env/linux@sha256:19e73879b68f455e41552ea35293514db52ea292d993f571636dbffedb77a1ee" "/opt/rustwide/cargo-home/bin/cargo" "+e6e4f7ed1589e03bc2f6c5931c1a72e7947e8682" "check" "--frozen" "--all" "--all-targets" "--message-format=json", kill_on_drop: false }`
[INFO] [stdout] d42ded8e63ed2ea1ddd1d29f8e114400db273ce656b49480a045d56b42b9be52
[INFO] running `Command { std: "docker" "start" "-a" "d42ded8e63ed2ea1ddd1d29f8e114400db273ce656b49480a045d56b42b9be52", kill_on_drop: false }`
[INFO] [stderr]    Compiling libc v0.2.116
[INFO] [stderr]    Compiling syn v1.0.86
[INFO] [stderr]    Compiling futures-core v0.3.19
[INFO] [stderr]     Checking smallvec v1.8.0
[INFO] [stderr]     Checking pin-project-lite v0.2.8
[INFO] [stderr]    Compiling quote v1.0.15
[INFO] [stderr]     Checking lock_api v0.4.6
[INFO] [stderr]     Checking futures-sink v0.3.19
[INFO] [stderr]    Compiling futures-channel v0.3.19
[INFO] [stderr]    Compiling futures-task v0.3.19
[INFO] [stderr]     Checking tinyvec v1.5.1
[INFO] [stderr]    Compiling futures-util v0.3.19
[INFO] [stderr]    Compiling async-trait v0.1.52
[INFO] [stderr]    Compiling serde_derive v1.0.136
[INFO] [stderr]     Checking ppv-lite86 v0.2.16
[INFO] [stderr]    Compiling serde v1.0.136
[INFO] [stderr]    Compiling crc16 v0.4.0
[INFO] [stderr]    Compiling serde_json v1.0.78
[INFO] [stderr]     Checking sha1_smol v1.0.0
[INFO] [stderr]    Compiling anyhow v1.0.53
[INFO] [stderr]     Checking sha1 v0.6.1
[INFO] [stderr]     Checking ryu v1.0.9
[INFO] [stderr]     Checking dtoa v0.4.8
[INFO] [stderr]     Checking once_cell v1.9.0
[INFO] [stderr]     Checking parking_lot_core v0.8.5
[INFO] [stderr]     Checking mio v0.7.14
[INFO] [stderr]     Checking getrandom v0.2.4
[INFO] [stderr]     Checking unicode-normalization v0.1.19
[INFO] [stderr]     Checking chrono v0.4.19
[INFO] [stderr]     Checking parking_lot v0.11.2
[INFO] [stderr]     Checking rand_core v0.6.3
[INFO] [stderr]     Checking rand_chacha v0.3.1
[INFO] [stderr]     Checking tokio v1.16.1
[INFO] [stderr]     Checking rand v0.8.4
[INFO] [stderr]     Checking idna v0.2.3
[INFO] [stderr]     Checking url v2.2.2
[INFO] [stderr]     Checking tokio-util v0.6.9
[INFO] [stderr]     Checking combine v4.6.3
[INFO] [stderr]    Compiling tracing-attributes v0.1.18
[INFO] [stderr]    Compiling mocktopus_macros v0.7.11
[INFO] [stderr]     Checking mocktopus v0.7.11
[INFO] [stdout] error[E0059]: type parameter to bare `FnOnce` trait must be a tuple
[INFO] [stdout]    --> /opt/rustwide/cargo-home/registry/src/index.crates.io-6f17d22bba15001f/mocktopus-0.7.11/src/mocking.rs:100:25
[INFO] [stdout]     |
[INFO] [stdout] 100 | impl<T, O, F: FnOnce<T, Output = O>> Mockable<T, O> for F {
[INFO] [stdout]     |                         ^^^^^^^^^^ the trait `Tuple` is not implemented for `T`
[INFO] [stdout]     |
[INFO] [stdout] note: required by a bound in `FnOnce`
[INFO] [stdout]    --> /rustc/e6e4f7ed1589e03bc2f6c5931c1a72e7947e8682/library/core/src/ops/function.rs:242:1
[INFO] [stdout] help: consider restricting type parameter `T`
[INFO] [stdout]     |
[INFO] [stdout] 100 | impl<T: std::marker::Tuple, O, F: FnOnce<T, Output = O>> Mockable<T, O> for F {
[INFO] [stdout]     |       ++++++++++++++++++++
[INFO] [stdout] 
[INFO] [stdout] 
[INFO] [stdout] error[E0059]: type parameter to bare `FnMut` trait must be a tuple
[INFO] [stdout]    --> /opt/rustwide/cargo-home/registry/src/index.crates.io-6f17d22bba15001f/mocktopus-0.7.11/src/mocking.rs:192:12
[INFO] [stdout]     |
[INFO] [stdout] 192 |         M: FnMut<I, Output = MockResult<I, O>> + 'a,
[INFO] [stdout]     |            ^^^^^^^^^^^^^^^^^^^^^^^^^^^^^^^^^^^ the trait `Tuple` is not implemented for `I`
[INFO] [stdout]     |
[INFO] [stdout] note: required by a bound in `FnMut`
[INFO] [stdout]    --> /rustc/e6e4f7ed1589e03bc2f6c5931c1a72e7947e8682/library/core/src/ops/function.rs:163:1
[INFO] [stdout] help: consider further restricting type parameter `I`
[INFO] [stdout]     |
[INFO] [stdout] 192 |         M: FnMut<I, Output = MockResult<I, O>> + 'a, I: std::marker::Tuple
[INFO] [stdout]     |                                                    ~~~~~~~~~~~~~~~~~~~~~~~
[INFO] [stdout] 
[INFO] [stdout] 
[INFO] [stdout] error[E0059]: type parameter to bare `FnMut` trait must be a tuple
[INFO] [stdout]    --> /opt/rustwide/cargo-home/registry/src/index.crates.io-6f17d22bba15001f/mocktopus-0.7.11/src/mocking.rs:204:12
[INFO] [stdout]     |
[INFO] [stdout] 204 |         M: FnMut<I, Output = MockResult<I, O>>,
[INFO] [stdout]     |            ^^^^^^^^^^^^^^^^^^^^^^^^^^^^^^^^^^^ the trait `Tuple` is not implemented for `I`
[INFO] [stdout]     |
[INFO] [stdout] note: required by a bound in `FnMut`
[INFO] [stdout]    --> /rustc/e6e4f7ed1589e03bc2f6c5931c1a72e7947e8682/library/core/src/ops/function.rs:163:1
[INFO] [stdout] help: consider further restricting type parameter `I`
[INFO] [stdout]     |
[INFO] [stdout] 204 |         M: FnMut<I, Output = MockResult<I, O>>, I: std::marker::Tuple
[INFO] [stdout]     |                                               ~~~~~~~~~~~~~~~~~~~~~~~
[INFO] [stdout] 
[INFO] [stdout] 
[INFO] [stdout] error[E0059]: type parameter to bare `FnMut` trait must be a tuple
[INFO] [stdout]   --> /opt/rustwide/cargo-home/registry/src/index.crates.io-6f17d22bba15001f/mocktopus-0.7.11/src/mocking.rs:45:27
[INFO] [stdout]    |
[INFO] [stdout] 45 |     unsafe fn mock_raw<M: FnMut<T, Output = MockResult<T, O>>>(&self, mock: M);
[INFO] [stdout]    |                           ^^^^^^^^^^^^^^^^^^^^^^^^^^^^^^^^^^^ the trait `Tuple` is not implemented for `T`
[INFO] [stdout]    |
[INFO] [stdout] note: required by a bound in `FnMut`
[INFO] [stdout]   --> /rustc/e6e4f7ed1589e03bc2f6c5931c1a72e7947e8682/library/core/src/ops/function.rs:163:1
[INFO] [stdout] help: consider restricting type parameter `T`
[INFO] [stdout]    |
[INFO] [stdout] 11 | pub trait Mockable<T: std::marker::Tuple, O> {
[INFO] [stdout]    |                     ++++++++++++++++++++
[INFO] [stdout] 
[INFO] [stdout] 
[INFO] [stdout] error[E0059]: type parameter to bare `FnMut` trait must be a tuple
[INFO] [stdout]   --> /opt/rustwide/cargo-home/registry/src/index.crates.io-6f17d22bba15001f/mocktopus-0.7.11/src/mocking.rs:65:21
[INFO] [stdout]    |
[INFO] [stdout] 65 |     fn mock_safe<M: FnMut<T, Output = MockResult<T, O>> + 'static>(&self, mock: M);
[INFO] [stdout]    |                     ^^^^^^^^^^^^^^^^^^^^^^^^^^^^^^^^^^^ the trait `Tuple` is not implemented for `T`
[INFO] [stdout]    |
[INFO] [stdout] note: required by a bound in `FnMut`
[INFO] [stdout]   --> /rustc/e6e4f7ed1589e03bc2f6c5931c1a72e7947e8682/library/core/src/ops/function.rs:163:1
[INFO] [stdout] help: consider restricting type parameter `T`
[INFO] [stdout]    |
[INFO] [stdout] 11 | pub trait Mockable<T: std::marker::Tuple, O> {
[INFO] [stdout]    |                     ++++++++++++++++++++
[INFO] [stdout] 
[INFO] [stdout] 
[INFO] [stdout] error: aborting due to 5 previous errors
[INFO] [stdout] 
[INFO] [stdout] 
[INFO] [stdout] For more information about this error, try `rustc --explain E0059`.
[INFO] [stdout] 
[INFO] [stderr] error: could not compile `mocktopus` (lib) due to 6 previous errors
[INFO] [stderr] warning: build failed, waiting for other jobs to finish...
[INFO] running `Command { std: "docker" "inspect" "d42ded8e63ed2ea1ddd1d29f8e114400db273ce656b49480a045d56b42b9be52", kill_on_drop: false }`
[INFO] running `Command { std: "docker" "rm" "-f" "d42ded8e63ed2ea1ddd1d29f8e114400db273ce656b49480a045d56b42b9be52", kill_on_drop: false }`
[INFO] [stdout] d42ded8e63ed2ea1ddd1d29f8e114400db273ce656b49480a045d56b42b9be52
